{"id":789,"date":"2014-09-30T08:51:27","date_gmt":"2014-09-30T08:51:27","guid":{"rendered":"http:\/\/pavilostaport.lv\/?page_id=789"},"modified":"2025-07-23T13:41:02","modified_gmt":"2025-07-23T13:41:02","slug":"aktualitates","status":"publish","type":"page","link":"http:\/\/pavilostaport.lv\/?page_id=789","title":{"rendered":"Jaunumi"},"content":{"rendered":"<p><strong>apr\u012bjis &#8211; maijs &#8211; 2025<\/strong><\/p>\n<p>P\u0101vilostas ost\u0101 veikta navig\u0101cijas z\u012bmju moderniz\u0113\u0161ana &#8211; uzst\u0101d\u012bta jauna pie\u0146em\u0161anas ass boja &#8220;P&#8221; un vis\u0101m navig\u0101cijas z\u012bm\u0113m nomain\u012btas uguns laternas.<\/p>\n<p><a href=\"http:\/\/pavilostaport.lv\/wp-content\/uploads\/Ziemelu_mola_uguns-rotated.jpg\"><img decoding=\"async\" loading=\"lazy\" class=\"alignnone  wp-image-1683\" src=\"http:\/\/pavilostaport.lv\/wp-content\/uploads\/Ziemelu_mola_uguns-225x300.jpg\" alt=\"Zieme\u013cu mola uguns\" width=\"185\" height=\"247\" srcset=\"http:\/\/pavilostaport.lv\/wp-content\/uploads\/Ziemelu_mola_uguns-225x300.jpg 225w, http:\/\/pavilostaport.lv\/wp-content\/uploads\/Ziemelu_mola_uguns-768x1024.jpg 768w, http:\/\/pavilostaport.lv\/wp-content\/uploads\/Ziemelu_mola_uguns-1152x1536.jpg 1152w, http:\/\/pavilostaport.lv\/wp-content\/uploads\/Ziemelu_mola_uguns-rotated.jpg 1499w\" sizes=\"(max-width: 185px) 100vw, 185px\" \/> <\/a><a href=\"http:\/\/pavilostaport.lv\/wp-content\/uploads\/Priekksja_vadlinija-rotated.jpg\"><img decoding=\"async\" loading=\"lazy\" class=\"alignnone  wp-image-1682\" src=\"http:\/\/pavilostaport.lv\/wp-content\/uploads\/Priekksja_vadlinija-225x300.jpg\" alt=\"Priek\u0161\u0113j\u0101 vadl\u012bnija\" width=\"185\" height=\"246\" srcset=\"http:\/\/pavilostaport.lv\/wp-content\/uploads\/Priekksja_vadlinija-225x300.jpg 225w, http:\/\/pavilostaport.lv\/wp-content\/uploads\/Priekksja_vadlinija-768x1024.jpg 768w, http:\/\/pavilostaport.lv\/wp-content\/uploads\/Priekksja_vadlinija-1152x1536.jpg 1152w, http:\/\/pavilostaport.lv\/wp-content\/uploads\/Priekksja_vadlinija-rotated.jpg 1285w\" sizes=\"(max-width: 185px) 100vw, 185px\" \/> <\/a><a href=\"http:\/\/pavilostaport.lv\/wp-content\/uploads\/Aizmugureja_vadlinija-rotated.jpg\"><img decoding=\"async\" loading=\"lazy\" class=\"alignnone  wp-image-1679\" src=\"http:\/\/pavilostaport.lv\/wp-content\/uploads\/Aizmugureja_vadlinija-225x300.jpg\" alt=\"Aizmugur\u0113j\u0101 vadl\u012bnija\" width=\"185\" height=\"247\" srcset=\"http:\/\/pavilostaport.lv\/wp-content\/uploads\/Aizmugureja_vadlinija-225x300.jpg 225w, http:\/\/pavilostaport.lv\/wp-content\/uploads\/Aizmugureja_vadlinija-768x1024.jpg 768w, http:\/\/pavilostaport.lv\/wp-content\/uploads\/Aizmugureja_vadlinija-1152x1536.jpg 1152w, http:\/\/pavilostaport.lv\/wp-content\/uploads\/Aizmugureja_vadlinija-rotated.jpg 1285w\" sizes=\"(max-width: 185px) 100vw, 185px\" \/><\/a><\/p>\n<p><a href=\"http:\/\/pavilostaport.lv\/wp-content\/uploads\/Pienemsanas_ass_boja-rotated.jpg\"><img decoding=\"async\" loading=\"lazy\" class=\"alignnone  wp-image-1681\" src=\"http:\/\/pavilostaport.lv\/wp-content\/uploads\/Pienemsanas_ass_boja-225x300.jpg\" alt=\"Pie\u0146em\u0161anas ass boja\" width=\"185\" height=\"247\" srcset=\"http:\/\/pavilostaport.lv\/wp-content\/uploads\/Pienemsanas_ass_boja-225x300.jpg 225w, http:\/\/pavilostaport.lv\/wp-content\/uploads\/Pienemsanas_ass_boja-768x1024.jpg 768w, http:\/\/pavilostaport.lv\/wp-content\/uploads\/Pienemsanas_ass_boja-1152x1536.jpg 1152w, http:\/\/pavilostaport.lv\/wp-content\/uploads\/Pienemsanas_ass_boja-rotated.jpg 1210w\" sizes=\"(max-width: 185px) 100vw, 185px\" \/> <\/a><a href=\"http:\/\/pavilostaport.lv\/wp-content\/uploads\/Dienvidu_mola_uguns.jpg\"><img decoding=\"async\" loading=\"lazy\" class=\"alignnone  wp-image-1680\" src=\"http:\/\/pavilostaport.lv\/wp-content\/uploads\/Dienvidu_mola_uguns-300x225.jpg\" alt=\"Dienvidu mola uguns\" width=\"329\" height=\"247\" srcset=\"http:\/\/pavilostaport.lv\/wp-content\/uploads\/Dienvidu_mola_uguns-300x225.jpg 300w, http:\/\/pavilostaport.lv\/wp-content\/uploads\/Dienvidu_mola_uguns-1024x768.jpg 1024w, http:\/\/pavilostaport.lv\/wp-content\/uploads\/Dienvidu_mola_uguns-768x576.jpg 768w, http:\/\/pavilostaport.lv\/wp-content\/uploads\/Dienvidu_mola_uguns-1536x1152.jpg 1536w, http:\/\/pavilostaport.lv\/wp-content\/uploads\/Dienvidu_mola_uguns.jpg 1714w\" sizes=\"(max-width: 329px) 100vw, 329px\" \/><\/a><\/p>\n<p style=\"text-align: left;\"><strong>12. j\u016blijs &#8211; 2023.<\/strong><\/p>\n<p style=\"text-align: left;\">2023. gada 30. apr\u012bl\u012b projekta Interreg ESTLAT177 ietvaros tika uzst\u0101d\u012bta jauna monol\u012bta betona peldo\u0161\u0101 piest\u0101tne. Nodro\u0161inot jahtu un ku\u0123o\u0161anas l\u012bdzek\u013cu, kas gar\u0101ki par 6m, dro\u0161u tauvo\u0161anos. Piest\u0101tne ir apg\u0101d\u0101ta ar dzeramo \u016bdeni un elektroener\u0123iju.<\/p>\n<p style=\"text-align: left;\"><a href=\"http:\/\/pavilostaport.lv\/wp-content\/uploads\/20230711_084132.jpg\" rel=\"attachment wp-att-1609\" data-wplink-edit=\"true\"><img decoding=\"async\" loading=\"lazy\" class=\"alignnone wp-image-1609\" src=\"http:\/\/pavilostaport.lv\/wp-content\/uploads\/20230711_084132-225x300.jpg\" alt=\"P\u0101vilostas osta\" width=\"196\" height=\"261\" srcset=\"http:\/\/pavilostaport.lv\/wp-content\/uploads\/20230711_084132-225x300.jpg 225w, http:\/\/pavilostaport.lv\/wp-content\/uploads\/20230711_084132-768x1024.jpg 768w, http:\/\/pavilostaport.lv\/wp-content\/uploads\/20230711_084132.jpg 900w\" sizes=\"(max-width: 196px) 100vw, 196px\" \/><\/a> <a href=\"http:\/\/pavilostaport.lv\/wp-content\/uploads\/20230711_084053.jpg\" rel=\"attachment wp-att-1608\"><img decoding=\"async\" loading=\"lazy\" class=\"alignnone wp-image-1608\" src=\"http:\/\/pavilostaport.lv\/wp-content\/uploads\/20230711_084053-225x300.jpg\" alt=\"20230711_084053\" width=\"196\" height=\"261\" srcset=\"http:\/\/pavilostaport.lv\/wp-content\/uploads\/20230711_084053-225x300.jpg 225w, http:\/\/pavilostaport.lv\/wp-content\/uploads\/20230711_084053-768x1024.jpg 768w, http:\/\/pavilostaport.lv\/wp-content\/uploads\/20230711_084053.jpg 900w\" sizes=\"(max-width: 196px) 100vw, 196px\" \/><\/a> <a href=\"http:\/\/pavilostaport.lv\/wp-content\/uploads\/20230711_084004.jpg\" rel=\"attachment wp-att-1607\"><img decoding=\"async\" loading=\"lazy\" class=\"alignnone wp-image-1607\" src=\"http:\/\/pavilostaport.lv\/wp-content\/uploads\/20230711_084004-225x300.jpg\" alt=\"20230711_084004\" width=\"196\" height=\"261\" srcset=\"http:\/\/pavilostaport.lv\/wp-content\/uploads\/20230711_084004-225x300.jpg 225w, http:\/\/pavilostaport.lv\/wp-content\/uploads\/20230711_084004-768x1024.jpg 768w, http:\/\/pavilostaport.lv\/wp-content\/uploads\/20230711_084004.jpg 900w\" sizes=\"(max-width: 196px) 100vw, 196px\" \/><\/a><\/p>\n<p style=\"text-align: left;\"><strong>J\u016bnijs-2021.<\/strong><\/p>\n<p style=\"text-align: left;\">Interreg projekta EstLat-177 ietvaros uzst\u0101d\u012bta jauna viesjahtu piest\u0101tne\u00a0un labiek\u0101rtots ostas laukums.<a href=\"http:\/\/pavilostaport.lv\/wp-content\/uploads\/20210629_123336_resized.jpg\" rel=\"attachment wp-att-1523\"><img decoding=\"async\" loading=\"lazy\" class=\"alignnone wp-image-1523\" src=\"http:\/\/pavilostaport.lv\/wp-content\/uploads\/20210629_123336_resized-1024x768.jpg\" alt=\"20210629_123336_resized\" width=\"645\" height=\"484\" srcset=\"http:\/\/pavilostaport.lv\/wp-content\/uploads\/20210629_123336_resized-1024x768.jpg 1024w, http:\/\/pavilostaport.lv\/wp-content\/uploads\/20210629_123336_resized-300x225.jpg 300w, http:\/\/pavilostaport.lv\/wp-content\/uploads\/20210629_123336_resized-768x576.jpg 768w, http:\/\/pavilostaport.lv\/wp-content\/uploads\/20210629_123336_resized.jpg 1632w\" sizes=\"(max-width: 645px) 100vw, 645px\" \/><\/a> <a href=\"http:\/\/pavilostaport.lv\/wp-content\/uploads\/20210728_095826_resized.jpg\" rel=\"attachment wp-att-1524\"><img decoding=\"async\" loading=\"lazy\" class=\"alignnone wp-image-1524\" src=\"http:\/\/pavilostaport.lv\/wp-content\/uploads\/20210728_095826_resized-1024x768.jpg\" alt=\"20210728_095826_resized\" width=\"645\" height=\"484\" srcset=\"http:\/\/pavilostaport.lv\/wp-content\/uploads\/20210728_095826_resized-1024x768.jpg 1024w, http:\/\/pavilostaport.lv\/wp-content\/uploads\/20210728_095826_resized-300x225.jpg 300w, http:\/\/pavilostaport.lv\/wp-content\/uploads\/20210728_095826_resized-768x576.jpg 768w, http:\/\/pavilostaport.lv\/wp-content\/uploads\/20210728_095826_resized.jpg 1632w\" sizes=\"(max-width: 645px) 100vw, 645px\" \/><\/a><\/p>\n<p style=\"text-align: left;\"><strong>10.marts-2020.<\/strong><\/p>\n<p style=\"text-align: left;\">P\u0101vilostas ostas pagarin\u0101tie moli ieguvu\u0161i 2. vietu\u00a0konkurs\u0101 Latvijas B\u016bvniec\u012bbas Gada balva 2019 sav\u0101 nomin\u0101cij\u0101.<a href=\"http:\/\/pavilostaport.lv\/wp-content\/uploads\/Pavilosta_0RK6836.jpg\" rel=\"attachment wp-att-1336\"><img decoding=\"async\" loading=\"lazy\" class=\"alignnone wp-image-1336\" src=\"http:\/\/pavilostaport.lv\/wp-content\/uploads\/Pavilosta_0RK6836-1024x683.jpg\" alt=\"Pavilosta_0RK6836\" width=\"645\" height=\"430\" srcset=\"http:\/\/pavilostaport.lv\/wp-content\/uploads\/Pavilosta_0RK6836-1024x683.jpg 1024w, http:\/\/pavilostaport.lv\/wp-content\/uploads\/Pavilosta_0RK6836-300x200.jpg 300w, http:\/\/pavilostaport.lv\/wp-content\/uploads\/Pavilosta_0RK6836-768x512.jpg 768w\" sizes=\"(max-width: 645px) 100vw, 645px\" \/><\/a><a href=\"http:\/\/pavilostaport.lv\/wp-content\/uploads\/moli2020_2.jpg\" rel=\"attachment wp-att-1320\"><img decoding=\"async\" loading=\"lazy\" class=\"alignnone wp-image-1320\" src=\"http:\/\/pavilostaport.lv\/wp-content\/uploads\/moli2020_2.jpg\" alt=\"moli2020_2\" width=\"645\" height=\"476\" srcset=\"http:\/\/pavilostaport.lv\/wp-content\/uploads\/moli2020_2.jpg 960w, http:\/\/pavilostaport.lv\/wp-content\/uploads\/moli2020_2-300x221.jpg 300w, http:\/\/pavilostaport.lv\/wp-content\/uploads\/moli2020_2-768x566.jpg 768w\" sizes=\"(max-width: 645px) 100vw, 645px\" \/><\/a><\/p>\n<p style=\"text-align: left;\">Febru\u0101ris-2020. Pabeigta krasta stiprin\u0101jumu, piest\u0101tnes un slipa izb\u016bve viesjahtu ostas teritorij\u0101.<a href=\"http:\/\/pavilostaport.lv\/wp-content\/uploads\/krasta-stiprin-2020_3.jpg\" rel=\"attachment wp-att-1316\"><img decoding=\"async\" loading=\"lazy\" class=\"alignnone wp-image-1316\" src=\"http:\/\/pavilostaport.lv\/wp-content\/uploads\/krasta-stiprin-2020_3.jpg\" alt=\"krasta stiprin 2020_3\" width=\"645\" height=\"430\" srcset=\"http:\/\/pavilostaport.lv\/wp-content\/uploads\/krasta-stiprin-2020_3.jpg 960w, http:\/\/pavilostaport.lv\/wp-content\/uploads\/krasta-stiprin-2020_3-300x200.jpg 300w, http:\/\/pavilostaport.lv\/wp-content\/uploads\/krasta-stiprin-2020_3-768x512.jpg 768w\" sizes=\"(max-width: 645px) 100vw, 645px\" \/><\/a><a href=\"http:\/\/pavilostaport.lv\/wp-content\/uploads\/krasta-stiprin-slips-2020.jpg\" rel=\"attachment wp-att-1318\"><img decoding=\"async\" loading=\"lazy\" class=\"alignnone wp-image-1318\" src=\"http:\/\/pavilostaport.lv\/wp-content\/uploads\/krasta-stiprin-slips-2020.jpg\" alt=\"krasta stiprin slips 2020\" width=\"645\" height=\"430\" srcset=\"http:\/\/pavilostaport.lv\/wp-content\/uploads\/krasta-stiprin-slips-2020.jpg 960w, http:\/\/pavilostaport.lv\/wp-content\/uploads\/krasta-stiprin-slips-2020-300x200.jpg 300w, http:\/\/pavilostaport.lv\/wp-content\/uploads\/krasta-stiprin-slips-2020-768x512.jpg 768w\" sizes=\"(max-width: 645px) 100vw, 645px\" \/><\/a><\/p>\n<p style=\"text-align: left;\">27.maijs-2019. P\u0101vilostas ostas pagarin\u0101to molu atkl\u0101\u0161ana.<br \/>\nGandr\u012bz 3 miljonu v\u0113rtais P\u0101vilostas ostas molu pagarin\u0101\u0161anas projekts ir veiksm\u012bgi nosl\u0113dzies. Biju\u0161\u0101 Zemkop\u012bbas ministra J. Duklava v\u0113l\u0113jums uzrun\u0101: \u201eLai veicas zvejniekiem, lai veicas jahtot\u0101jiem, p\u0101vilostniekiem un viesiem, kuri noteikti izmantos \u0161o ostu n\u0101kotn\u0113\u201d. Lauku atbalsta dienesta direktore Anna V\u012btola-Helviga P\u0101vilostu sal\u012bdzin\u0101ja ar dullo Dauku, kur\u0161 grib redz\u0113t t\u0101l\u0101k par horizontu un nov\u0113l\u0113ja P\u0101vilostas ostai b\u016bt par lab\u0101ko mazo ostu Baltij\u0101. Dana Reizniece-Ozola, Roberts Z\u012ble, Kauno Tiltai vad\u012bba un p\u0101rst\u0101vji visus sveica ar skaistajiem pagarin\u0101tajiem moliem un izteica atzin\u012bbu tik mazai pa\u0161vald\u012bbai realiz\u0113t tik apjom\u012bgu projektu.<\/p>\n<p class=\"alignleft\" style=\"text-align: left;\"><img decoding=\"async\" loading=\"lazy\" class=\"wp-image-1267 aligncenter\" src=\"http:\/\/pavilostaport.lv\/wp-content\/uploads\/moli-900196409-1024x609.jpg\" alt=\"!moli 900196409\" width=\"622\" height=\"370\" srcset=\"http:\/\/pavilostaport.lv\/wp-content\/uploads\/moli-900196409-1024x609.jpg 1024w, http:\/\/pavilostaport.lv\/wp-content\/uploads\/moli-900196409-300x178.jpg 300w, http:\/\/pavilostaport.lv\/wp-content\/uploads\/moli-900196409-768x457.jpg 768w\" sizes=\"(max-width: 622px) 100vw, 622px\" \/><a href=\"http:\/\/pavilostaport.lv\/wp-content\/uploads\/moli-479220134.jpg\" rel=\"attachment wp-att-1274\"><img decoding=\"async\" loading=\"lazy\" class=\"aligncenter wp-image-1274\" src=\"http:\/\/pavilostaport.lv\/wp-content\/uploads\/moli-479220134-1024x683.jpg\" alt=\"moli 479220134\" width=\"622\" height=\"415\" srcset=\"http:\/\/pavilostaport.lv\/wp-content\/uploads\/moli-479220134-1024x683.jpg 1024w, http:\/\/pavilostaport.lv\/wp-content\/uploads\/moli-479220134-300x200.jpg 300w, http:\/\/pavilostaport.lv\/wp-content\/uploads\/moli-479220134-768x512.jpg 768w\" sizes=\"(max-width: 622px) 100vw, 622px\" \/><\/a><\/p>\n<p style=\"text-align: left;\">Maijs-2019. P\u0101vilostas ostu apmekl\u0113 un ar jauno molu b\u016bvniec\u012bbu iepaz\u012bstas Latvijas valsts prezidents Raimonds V\u0113jonis.<\/p>\n<p><a href=\"http:\/\/pavilostaport.lv\/wp-content\/uploads\/Vejonis-moli-img_20190510_150721.jpg\" rel=\"attachment wp-att-1277\"><img decoding=\"async\" loading=\"lazy\" class=\"wp-image-1277 aligncenter\" src=\"http:\/\/pavilostaport.lv\/wp-content\/uploads\/Vejonis-moli-img_20190510_150721-1024x768.jpg\" alt=\"cof\" width=\"622\" height=\"467\" srcset=\"http:\/\/pavilostaport.lv\/wp-content\/uploads\/Vejonis-moli-img_20190510_150721-1024x768.jpg 1024w, http:\/\/pavilostaport.lv\/wp-content\/uploads\/Vejonis-moli-img_20190510_150721-300x225.jpg 300w, http:\/\/pavilostaport.lv\/wp-content\/uploads\/Vejonis-moli-img_20190510_150721-768x576.jpg 768w\" sizes=\"(max-width: 622px) 100vw, 622px\" \/><\/a><\/p>\n<p style=\"text-align: left;\">Augusts-2017. Uzs\u0101kti P\u0101vilostas ostas molu rekonstrukcijas b\u016bvdarbi, darbus veic Kauno Tiltai. T\u0101 k\u0101 \u0161is ir v\u0113rien\u012bg\u0101kais projekts P\u0101vilostas ostas v\u0113stur\u0113 kop\u0161 Otto fon Lillienfelda laikiem, ostu apmekl\u0113ja LR Satiksmes ministrs Uldis Augulis. &#8220;Esmu gandar\u012bts par P\u0101vilostas ostas att\u012bst\u012bbu un ir prieks, ka Latvij\u0101 ar\u012b mazaj\u0101m ost\u0101m ir tik lieli pl\u0101ni un strat\u0113\u0123isks n\u0101kotnes redz\u0113jums,&#8221; uzsv\u0113ra ministrs.<\/p>\n<p style=\"text-align: left;\"><a href=\"http:\/\/pavilostaport.lv\/wp-content\/uploads\/IMG-20170812-WA0005.jpg\" rel=\"attachment wp-att-1120\"><img decoding=\"async\" loading=\"lazy\" class=\"alignleft wp-image-1120\" src=\"http:\/\/pavilostaport.lv\/wp-content\/uploads\/IMG-20170812-WA0005-1024x768.jpg\" alt=\"IMG-20170812-WA0005\" width=\"622\" height=\"467\" srcset=\"http:\/\/pavilostaport.lv\/wp-content\/uploads\/IMG-20170812-WA0005-1024x768.jpg 1024w, http:\/\/pavilostaport.lv\/wp-content\/uploads\/IMG-20170812-WA0005-300x225.jpg 300w, http:\/\/pavilostaport.lv\/wp-content\/uploads\/IMG-20170812-WA0005-768x576.jpg 768w, http:\/\/pavilostaport.lv\/wp-content\/uploads\/IMG-20170812-WA0005.jpg 1600w\" sizes=\"(max-width: 622px) 100vw, 622px\" \/><\/a><\/p>\n<p style=\"text-align: left;\">Apr\u012blis-2016. Notiek molu rekonstrukcijas tehnisk\u0101 projekta izstr\u0101de (SIA Kurbada tilti). Uzs\u0101kta ostu infrastrukt\u016bras att\u012bst\u012b\u0161anas projekta <a href=\"http:\/\/pavilostaport.lv\/?page_id=925\">SmartPorts <\/a>realiz\u0101cija. Uzs\u0101kti projekt\u0113\u0161anas darbi muzeja l\u012b\u010da labiek\u0101rto\u0161anai.<\/p>\n<p style=\"text-align: left;\"><a href=\"http:\/\/pavilostaport.lv\/wp-content\/uploads\/18-apr.-15-07-17.jpg\" rel=\"attachment wp-att-970\"><img decoding=\"async\" loading=\"lazy\" class=\"alignnone wp-image-970\" src=\"http:\/\/pavilostaport.lv\/wp-content\/uploads\/18-apr.-15-07-17.jpg\" alt=\"18-apr. 15-07-17\" width=\"622\" height=\"439\" srcset=\"http:\/\/pavilostaport.lv\/wp-content\/uploads\/18-apr.-15-07-17.jpg 938w, http:\/\/pavilostaport.lv\/wp-content\/uploads\/18-apr.-15-07-17-300x212.jpg 300w, http:\/\/pavilostaport.lv\/wp-content\/uploads\/18-apr.-15-07-17-768x542.jpg 768w\" sizes=\"(max-width: 622px) 100vw, 622px\" \/><\/a><\/p>\n<p style=\"text-align: left;\">Febru\u0101ris-2016. Izsludin\u0101ts iepirkums par P\u0101vilostas ostas Zieme\u013cu un Dienvidu molu pagarin\u0101\u0161anas tehnisk\u0101 projekta izstr\u0101di. Dokument\u0101ciju lejupl\u0101d\u0113t \u0161eit: <a href=\"http:\/\/pavilostaport.lv\/wp-content\/uploads\/Iepirkums-moli.rar\">Iepirkums moli<\/a><\/p>\n<p style=\"text-align: left;\">Maijs-2015. Samont\u0113ts un iecelts \u016bden\u012b jaunais ostas padzi\u013cin\u0101\u0161anas zemess\u016bc\u0113js. Par godu ostas dibin\u0101t\u0101jam Otto fon Lillenfeldam nosaukts par OTTO<a href=\"http:\/\/pavilostaport.lv\/wp-content\/uploads\/07-mai-13-45-21.jpg\"><img decoding=\"async\" loading=\"lazy\" class=\"wp-image-902\" src=\"http:\/\/pavilostaport.lv\/wp-content\/uploads\/07-mai-13-45-21.jpg\" alt=\"07-mai 13-45-21\" width=\"622\" height=\"auto\" srcset=\"http:\/\/pavilostaport.lv\/wp-content\/uploads\/07-mai-13-45-21.jpg 933w, http:\/\/pavilostaport.lv\/wp-content\/uploads\/07-mai-13-45-21-300x217.jpg 300w\" sizes=\"(max-width: 933px) 100vw, 933px\" \/><\/a> Jan-2015. Nodots ekspluat\u0101cij\u0101 un gatavs uz\u0146emt klientus laivu servisa parka ang\u0101rs Ostmalas iel\u0101 12A<a href=\"http:\/\/pavilostaport.lv\/wp-content\/uploads\/hangar3.jpg\"><img decoding=\"async\" loading=\"lazy\" src=\"http:\/\/pavilostaport.lv\/wp-content\/uploads\/hangar3-1024x765.jpg\" alt=\"hangar3\" width=\"622\" height=\"465\" \/><\/a><\/p>\n<p style=\"text-align: left;\">Nov-2014. Pieg\u0101d\u0101ts jaunais ostas padzi\u013cin\u0101\u0161anas zemess\u016bc\u0113js.\u00a0Mont\u0101\u017ea pl\u0101nota 2015. gada pavasar\u012b <a href=\"http:\/\/pavilostaport.lv\/wp-content\/uploads\/03-dec-14-13-41.jpg\"><img decoding=\"async\" loading=\"lazy\" class=\"alignnone wp-image-830\" src=\"http:\/\/pavilostaport.lv\/wp-content\/uploads\/03-dec-14-13-41-1024x767.jpg\" alt=\"03-dec 14-13-41\" width=\"622\" height=\"493\" \/><\/a><\/p>\n<p style=\"text-align: left;\">Sept-2014. Dr\u012bzum\u0101 tiks nodota ekspluat\u0101cij\u0101 zivju atv\u0113sin\u0101tavas \u0113ka piekrastes zvejniekiem<a href=\"http:\/\/pavilostaport.lv\/wp-content\/uploads\/DSC05076.jpg\"><img decoding=\"async\" loading=\"lazy\" src=\"http:\/\/pavilostaport.lv\/wp-content\/uploads\/DSC05076-1024x768.jpg\" alt=\"DSC05076\" width=\"622\" height=\"493\" \/><\/a><\/p>\n<p style=\"text-align: left;\">Sept-2014. Uzs\u0101kti laivu b\u016bves un servisa parka pirm\u0101 ang\u0101ra b\u016bvdarbi Ostmalas iel\u0101 12A <a href=\"http:\/\/pavilostaport.lv\/wp-content\/uploads\/angars.jpg\"><img decoding=\"async\" loading=\"lazy\" src=\"http:\/\/pavilostaport.lv\/wp-content\/uploads\/angars-1024x813.jpg\" alt=\"angars\" width=\"622\" height=\"493\" \/><\/a> <a href=\"http:\/\/pavilostaport.lv\/wp-content\/uploads\/DSC05080.jpg\"><img decoding=\"async\" loading=\"lazy\" class=\"alignnone wp-image-811\" src=\"http:\/\/pavilostaport.lv\/wp-content\/uploads\/DSC05080-1024x768.jpg\" alt=\"DSC05080\" width=\"622\" height=\"493\" \/><\/a><\/p>\n","protected":false},"excerpt":{"rendered":"<p>apr\u012bjis &#8211; maijs &#8211; 2025 P\u0101vilostas ost\u0101 veikta navig\u0101cijas z\u012bmju moderniz\u0113\u0161ana &#8211; uzst\u0101d\u012bta jauna pie\u0146em\u0161anas ass boja &#8220;P&#8221; un vis\u0101m navig\u0101cijas z\u012bm\u0113m nomain\u012btas uguns laternas. 12. j\u016blijs &#8211; 2023. 2023. gada 30. apr\u012bl\u012b projekta Interreg ESTLAT177 ietvaros tika uzst\u0101d\u012bta jauna monol\u012bta betona peldo\u0161\u0101 piest\u0101tne. Nodro\u0161inot jahtu un ku\u0123o\u0161anas l\u012bdzek\u013cu, kas gar\u0101ki par 6m, dro\u0161u tauvo\u0161anos. [&hellip;]<\/p>\n","protected":false},"author":1,"featured_media":0,"parent":0,"menu_order":2000,"comment_status":"open","ping_status":"open","template":"","meta":[],"_links":{"self":[{"href":"http:\/\/pavilostaport.lv\/index.php?rest_route=\/wp\/v2\/pages\/789"}],"collection":[{"href":"http:\/\/pavilostaport.lv\/index.php?rest_route=\/wp\/v2\/pages"}],"about":[{"href":"http:\/\/pavilostaport.lv\/index.php?rest_route=\/wp\/v2\/types\/page"}],"author":[{"embeddable":true,"href":"http:\/\/pavilostaport.lv\/index.php?rest_route=\/wp\/v2\/users\/1"}],"replies":[{"embeddable":true,"href":"http:\/\/pavilostaport.lv\/index.php?rest_route=%2Fwp%2Fv2%2Fcomments&post=789"}],"version-history":[{"count":79,"href":"http:\/\/pavilostaport.lv\/index.php?rest_route=\/wp\/v2\/pages\/789\/revisions"}],"predecessor-version":[{"id":1686,"href":"http:\/\/pavilostaport.lv\/index.php?rest_route=\/wp\/v2\/pages\/789\/revisions\/1686"}],"wp:attachment":[{"href":"http:\/\/pavilostaport.lv\/index.php?rest_route=%2Fwp%2Fv2%2Fmedia&parent=789"}],"curies":[{"name":"wp","href":"https:\/\/api.w.org\/{rel}","templated":true}]}}